) is divided by z?
16
Let t(k) = -8 + 12*k + 7 + 7. Calculate the remainder when t(3) is divided by 25.
17
Let t = -216 - -222. Let i(w) = -w**2 + 12*w - 3. Let u be i(10). Let z = 24 + u. What is the remainder when z is divided by t?
5
Let q(p) = p**3 - 4*p**2 - 66*p - 11. Suppose -3*o + 2*i + 668 = 0, 2*o + 5*i - 661 = -o. Calculate the remainder when o is divided by q(-6).
22
Suppose -7*p = -11*p + 16. Suppose -p*k + 120 + 52 = 0. Calculate the remainder when k is divided by 11.
10
Let d = -1966 + 2034. Let r(h) = 22*h + 1. Let o = -1 + 2. Calculate the remainder when d is divided by r(o).
22
Suppose -t + 16 = -2*y + 46, -3*y + 18 = 3*t. Let v(s) be the first derivative of s**2 - 9*s + 1. What is the remainder when v(y) is divided by 8?
7
Calculate the remainder when (123 - 139)*87/(-4) is divided by 33.
18
Suppose 2*l - 980 = 2*y, 981 = 2*l + 2*y - 5*y. Suppose 280 = 4*d - 0*d. Calculate the remainder when l is divided by d.
69
Suppose 0 = -3*x + 2*x + 35. Suppose -7 = n - x. Suppose 0 = -o - 3*h + 71, o - 68 = -9*h + 5*h. Calculate the remainder when o is divided by n.
24
Let i = 303 - 302. Let p(o) = 7*o**3 - 3*o + 2. Calculate the remainder when 15 is divided by p(i).
3
Let n = -64 + 68. Let f = -7596 - -7606. Calculate the remainder when f is divided by n.
2
Let p(h) = -h**2 + 37*h + 5. Let z be p(15). Suppose -34*u = -39*u - z. Let f = u - -137. What is the remainder when f is divided by 12?
10
Suppose 0 = -1420*l + 1413*l + 1197. Calculate the remainder when 1022 is divided by l.
167
Suppose -55*y - 460 = -78*y. Calculate the remainder when 676 is divided by y.
16
Let p = 18 - 18. Suppose 3*d + p*h - 3*h = 384, 0 = 4*d + 4*h - 504. Let w = d - 32. Calculate the remainder when w is divided by 24.
23
Suppose 0 = -4*v + 4, -v + 4*v = 3*u - 6. Suppose -u*t + 357 = 4*k, 2*k - 183 = 4*t - 7*t. What is the remainder when k is divided by 5?
2
Suppose 1 = -i - 1, -2*b + 4 = 2*i. Suppose g = b*n - 56, -5*g + 0 = -n - 5. Let u = 58377 - 58290. What is the remainder when u is divided by n?
12
What is the remainder when 434 - 456 - (1 - 137) is divided by 8?
2
Let j = 62 + -31. Calculate the remainder when 57*-4*15/(-60) is divided by (2 - 2) + -1 + j.
27
Let m(a) = -a**2 + 10*a - 8. Let g be m(9). Let c be (-3)/(g - 4) + 5. What is the remainder when -1*c/(30/(-25)) is divided by 3?
2
Let w(u) = -51*u**2 + 29*u + 1. Let f be w(-4). Let y = 943 + f. Calculate the remainder when 47 is divided by y.
11
Suppose 18*j = 21*j - 120. Suppose -j = -8*f + 472. Suppose -18 = -3*i + 33. Calculate the remainder when f is divided by i.
13
Let y be 1115/40 + 3/24. Let j = y + -29. Calculate the remainder when 63 is divided by ((-64)/20)/(((-1)/(-5))/j).
15
Let h(x) = x**3 + 16*x**2 + 3*x - 37. Let c be h(-16). Let j = 4 - c. What is the remainder when j is divided by 26?
11
Suppose 0 = 33*u - 36330 - 103227. What is the remainder when u is divided by 10?
9
Suppose 12 = 60*y - 56*y. Let v be -3 + 3 + -117 - y. Let j = v - -148. Calculate the remainder when 110 is divided by j.
26
Let m(z) = 3*z**3 - 36*z**2 - 16*z + 305. What is the remainder when 14913 is divided by m(12)?
110
Let a(u) = 311*u**3 + 4*u**2 - 13*u + 9. Calculate the remainder when a(1) is divided by 79.
74
Suppose 4*n - 7 - 5 = 0. Suppose 0 = g + 3*q - 24, -5*g + q + 68 = -36. What is the remainder when g is divided by (-5 + 21/n)/1?
1
Let j(q) = -26*q - 55. Let o be j(-3). Suppose -o*a + 19*a = -316. Calculate the remainder when a is divided by 20.
19
Let c(s) = 2*s**2 + 5*s + 7. Let l(t) = -t. Let q(z) = c(z) + 2*l(z). Let i(m) = -858*m + 1735. What is the remainder when q(5) is divided by i(2)?
15
Suppose 3*w + 76 = 4*h, 2*h + 52 = 6*h + 3*w. What is the remainder when 798 is divided by h?
14
Let s(h) = 3 + 4 + 12*h + 3 - 5*h - 5*h. Let m = -2 + 2. Calculate the remainder when 109 is divided by s(m).
9
Suppose -3*u + 33 = 3*g, 0*g - 4*u = 2*g - 30. Suppose d - 35 + g = 0. Suppose 2*j + 34 - 98 = -2*h, 3*j = h - d. What is the remainder when h is divided by 4?
3
Let v(i) = 130*i**3 - i + 5 - 3*i**2 - 66*i**3 - 63*i**3. Let d be v(6). Let k = d + -70. What is the remainder when k is divided by 19?
18
Suppose -20*h = 3196 - 63796. What is the remainder when h is divided by 1005?
15
Suppose 254*m = 138*m + 12180. Calculate the remainder when 839 is divided by m.
104
Let i(v) = 3*v**2 - 80*v + 1031. Calculate the remainder when 568 is divided by i(18).
5
Let d = 36 + 65. Let i = -29 + d. What is the remainder when i is divided by 37?
35
Let r(g) = 10*g**3 - 3*g**2 + 8*g. Let d be r(2). Let n = 107 - d. Suppose 5*u - n = 62. Calculate the remainder when 65 is divided by u.
14
Suppose 56*j - 57*j = 4*p - 518, -3*j + 1515 = -p. What is the remainder when j is divided by 86?
76
Suppose x = 2, 5*o = 6*x - 9*x + 1116. Calculate the remainder when o is divided by 100.
22
Let v = -75 - -321. What is the remainder when v is divided by (4/(-6))/((-15)/4410*7)?
22
Suppose -14*k + 48 = 34. What is the remainder when 86 is divided by 4/k + (10/(-2) - -19)?
14
What is the remainder when 5797 is divided by ((-18067)/178)/(21/(-6))?
26
Let l(p) = p**2 + 11*p + 37. Let w be l(-5). Suppose -w*o + 741 = 3989. What is the remainder when 21 is divided by o/(-56) - 6/21?
5
Let u be (24/(-10))/(54/(-90)). Suppose 0 = c - k - 3 - u, -2*c = 3*k - 29. What is the remainder when 758 is divided by c?
8
Let d = 89 - 81. Suppose -4*a - 186 = -6*a. Let i = 121 - a. Calculate the remainder when i is divided by d.
4
Let v = 11206 + -7422. Calculate the remainder when v is divided by 7.
4
Let u(h) = -99*h**3 - 2*h**2 + h. Let d be u(1). Let l = -60 - d. Let k(b) = -b**2 + 11*b - 7. What is the remainder when l is divided by k(4)?
19
Suppose 3*d = -1267 + 1708. Calculate the remainder when d is divided by 19.
14
Let t = -13605 - -16311. Calculate the remainder when t is divided by 898.
12
Calculate the remainder when -58*(0 + (-3)/6)*(12 + -8) is divided by 78.
38
Suppose -3114 - 4770 = -4*w. Calculate the remainder when w is divided by 111.
84
Let u be (13 - -269)/(2 - 1). Suppose u = 3*h - h. Let l = 634 - 616. Calculate the remainder when h is divided by l.
15
Let i(l) = 3*l + 39. Let d be i(-14). Let c be 1/3 - (11/d + 1). Suppose -c*q - 17 + 44 = 0. What is the remainder when 34 is divided by q?
7
Suppose -88 = -4*b - 4*p - 4, -4*b - 2*p + 66 = 0. Calculate the remainder when 774 is divided by b.
6
Let x(g) = g**3 - 4*g + 1. Let m be x(-2). Let n(t) = 4*t**2 + t - 2. Let d be n(m). What is the remainder when -4*92/(-3) - 2/d is divided by 25?
22
Suppose 376*v - 380*v - 1782 = -2*b, 0 = 3*b - 5*v - 2676. Calculate the remainder when b is divided by 125.
22
Let v be 9*((-10)/45)/(-1). Suppose 52 + 26 = v*s. Suppose 0 = -2*k + 6, -4*b + b - 3*k + s = 0. Calculate the remainder when 27 is divided by b.
7
Let b = 26 - 14. Suppose 7*t + 24395 = 92*t. Suppose -26*p + 33*p = t. What is the remainder when p is divided by b?
5
Suppose 0*f = t + 3*f - 155, -4*f + 731 = 5*t. Let y(g) = 22*g**2 + 278*g - 399. Calculate the remainder when t is divided by y(-14).
17
Let h = -7 + 11. Suppose 0 = 2*t + h*l + 6, 6 = 2*t + l - 0. Let n = -1489292 + 1489300. What is the remainder when n is divided by t?
3
Suppose -66*m + 9224 + 6901 = -6777. Let b = 2 + 12. Calculate the remainder when m is divided by b.
11
Suppose 0 = 2*k - 11 + 3. Let y = 120 + -118. Suppose y*j - 1 = -b + 4*j, 25 = b + 4*j. What is the remainder when b is divided by k?
1
Let o(f) = -3*f - 25. Let c be o(-7). Let l be c - (55/(-77) + 4/(-14)). Calculate the remainder when 115 is divided by -1 + 6 - -25 - (-2 - l).
28
Let j(s) = 629*s - 17593. Suppose z - 2 = 61. Calculate the remainder when z is divided by j(28).
6
Let a be (-3)/(-18) + (-339)/(-18). Let m = a + -6. Let z = m + 220. Calculate the remainder when z is divided by 39.
38
Suppose -3*l + 42 = -4*j + 118, -2*j + 24 = 2*l. Let c = 51 + -47. Suppose k - 475 = -c*k. Calculate the remainder when k is divided by j.
15
Let z = -408 - -419. Suppose -12*h = z*h - 2346. What is the remainder when h is divided by 30?
12
Let g(f) = f**3 - 6*f**2 + 7*f + 1. Let s = 417 - 412. Calculate the remainder when g(s) is divided by 1.
0
Suppose 0 = 2*q - 0*q - 48. Suppose 6*x + 207 = -1353. Let p = -255 - x. What is the remainder whe